ppose -3*h - 22*h + 125 = 0. Suppose -v + x + 10 = d, h*x = 3*v - 2*v - 26. List the prime factors of v.
2, 3
Let k = 155621 + -86026. List the prime factors of k.
5, 31, 449
Let m = -13 - 1. What are the prime factors of (-10726)/m + 4/(-28)?
2, 383
Let b(q) = q**2 + 2*q + 1. Let i be b(-2). Let v(r) = -608 + 207*r + 286 + 322. List the prime factors of v(i).
3, 23
Let k be (4/(-14))/(11/(-77)). Let z be 4 - (-10)/(-3) - k/(-6). What are the prime factors of (2840/(-5))/(-4) - (4 - z)?
139
What are the prime factors of ((-90)/60)/((-9)/(-47694)*-1)?
7949
Let t(n) = -n**3 - n**2 + 8*n + 7. Let r be t(2). Suppose -r*w + 0*w = -19657. What are the prime factors of w?
1787
Suppose v = -8*v + 63. Suppose -v*h - h = 112. Let r(u) = u**2 + 9*u + 36. What are the prime factors of r(h)?
2, 53
Let l(n) = 50*n + 14. Let c be l(6). Suppose -5*f = 2*i - 501, 0 = -5*f + 9*f + i - 399. Let y = c - f. List the prime factors of y.
5, 43
Suppose -2*d + 7*d + 4*o = 38116, 0 = -d - 5*o + 7619. List the prime factors of d.
2, 953
Suppose -19*y + 20*y = 5*b - 590, -y + 5 = 0. Let p = 1 - -3. List the prime factors of 1*b + 4/p.
2, 3, 5
Let k be 5 + (-132)/28 - (-2052)/(-28). Let b = k - -728. List the prime factors of b.
5, 131
Let h = 88 - 89. Let u(b) = 524*b**2 + 5*b + 4. List the prime factors of u(h).
523
Let u = 623 - 619. List the prime factors of ((-362)/u)/(-8 + 75/10).
181
Suppose -22 = -3*r + m, -5*m + 4*m = r - 6. Suppose 0*t = -r*t + 2590. Suppose 0 = -7*p + 9*p - t. What are the prime factors of p?
5, 37
Suppose 3*n - 9*n = -96. Suppose 2*s - 2*t - 12 = 0, n + 11 = 4*s - 5*t. Suppose 5*b + 4*a + 127 = 382, 0 = -s*a + 15. What are the prime factors of b?
47
Let i = 912 - 130. What are the prime factors of (1042/184 - (-68)/i)*108?
3, 23
Suppose 0 = 4*u + 2*m - 110, -6*m + 11*m = u. Let a(i) = -2*i**2 + 8*i + 4. Let h be a(6). What are the prime factors of (-10)/u - 548/h?
3
Let v = -6413 + 12223. List the prime factors of v.
2, 5, 7, 83
Let j = 2492 + 6155. List the prime factors of j.
8647
Let g(d) = -4*d**3 - 457*d**2 + 45*d - 343. List the prime factors of g(-115).
34157
What are the prime factors of (-123602)/(-4) + 33/(-30) + 6/10?
2, 3, 5, 103
Suppose 0 = 39*c - 742722 - 364761. List the prime factors of c.
73, 389
Suppose -4*q + 5*q = 4*n - 26, 4*q + 2*n + 104 = 0. Let m(c) = -c**3 - 26*c**2 - 21*c + 10. List the prime factors of m(q).
2, 139
Suppose -2*n = 2*n + 2*f - 1750, 0 = -n - 2*f + 436. Suppose 4*t = 7*t - n. What are the prime factors of t?
2, 73
Let t = -7 - -13. Let m(s) = 17*s**2 - 5*s + 16. What are the prime factors of m(t)?
2, 13, 23
Let h(c) = 3502*c**2 + 37 - 9 + 5*c - 3474*c**2. List the prime factors of h(-4).
2, 3, 19
Let d = 25716 - 1932. What are the prime factors of d?
2, 3, 991
Suppose 4*x = -0*n + 4*n - 16, 2*n + x - 2 = 0. What are the prime factors of (-429)/(-66)*(-1 - (n + -81))?
3, 13
Let b(i) = i**3 - 7*i**2 - 43. Let m be b(-8). Let k = 1588 + m. What are the prime factors of k?
3, 5, 13
Suppose 2*i + 215 = l, -535 = 5*l - 5*i - 1605. Suppose 220*m - l*m = 3962. What are the prime factors of m?
2, 283
Suppose -14*m + 1656 = -6*m. Let w = m - -67. What are the prime factors of w?
2, 137
Let a(y) = -y**2 + 4*y + 8. Let w be a(0). Suppose 3*q + w = 2. What are the prime factors of (-3 + (-147)/2)*q?
3, 17
Let d be (-4*4/40)/((-9)/45). Suppose j - 91 = -d*m, -j + 23 = -4*m + 196. List the prime factors of m.
2, 11
Let k = 100 - 88. Suppose 0 = k*l - 2*l - 1340. List the prime factors of l.
2, 67
Let a = 2623 + 390. What are the prime factors of a?
23, 131
Suppose 4*t = 5*s - 296, 4 = -t + 5. List the prime factors of (-5)/s*4 - 8738/(-6).
2, 7, 13
Let j = 1817 + 302. What are the prime factors of j?
13, 163
Let i be 2/(-2)*(4 - 1). Suppose -4*k - 93 = d, 0 = -d - 4*d + 4*k - 345. Let t = i - d. List the prime factors of t.
2, 5, 7
Let h(u) = -u. Let o(y) = 14*y**2 - 19*y - 13. Let k(d) = 6*h(d) - o(d). Let r(i) be the first derivative of k(i). What are the prime factors of r(-5)?
3, 17
Suppose -2*b - 964 = -4490. What are the prime factors of b?
41, 43
Let v = 12154 - -4608. List the prime factors of v.
2, 17, 29
What are the prime factors of 4192276/126 - (-16)/(-504)?
2, 4159
Let k(g) = -44*g + 5*g**2 - 8*g**2 - 5*g**2 - 27 - g**3 - 5*g**2. What are the prime factors of k(-15)?
3, 19
Let t(c) = 13*c**2 + 46*c - 1149. What are the prime factors of t(24)?
3, 827
Suppose 13272 = 5*j - 2*c, -40 = -5*c - 45. List the prime factors of j.
2, 1327
Let k(x) = -2*x**2 - 17*x - 3. Let n be k(-8). Suppose -5*d = -0*z + 2*z - 114, -258 = -4*z + n*d. What are the prime factors of z?
2, 31
What are the prime factors of 255440/45 - (304/36 - 8)?
2, 3, 11, 43
Let u be 50/275 - 1461/(-11). Suppose -u*c + 8738 = -116*c. What are the prime factors of c?
2, 257
Let x = -2577 + 4781. Let i = x - 1564. Suppose 5*y - 4*r + 9*r - 815 = 0, 4*y + r = i. What are the prime factors of y?
3, 53
Let h be (-39)/(-6)*(21 - 15). Let l = 112 - h. What are the prime factors of l?
73
Suppose 0 = -2*u - g + 4, -4*u = 10*g - 6*g - 16. Suppose -4*c + 1294 = p, -45*c + 48*c - 5*p - 959 = u. List the prime factors of c.
17, 19
Suppose -4*y = -3*y - z + 34, -4*z + 101 = -3*y. What are the prime factors of 5/y*2 - 6304/(-14)?
2, 3, 5
Suppose 2*l - 7809 = -2587. Suppose -z - y = -918, 5*z = y + 1949 + l. List the prime factors of z.
11, 83
Let c(z) = -5748*z**3 + 12*z**2 - 2. List the prime factors of c(-1).
2, 2879
Let m(p) = -126*p + 239. Let o be m(2). Let f be 852/(-7) + 2/(-7). Let t = o - f. What are the prime factors of t?
109
Suppose 9*z - 37479 = -3*a + 11*z, 0 = -4*a + z + 49977. List the prime factors of (a/(-2))/17*-2.
3, 5, 7
Suppose 2*f - 3*m = 17286, 31*f + 43215 = 36*f + 3*m. What are the prime factors of f?
3, 43, 67
Suppose -p + 4*p - 12 = -q, 4*q - p - 9 = 0. Suppose -180 = -0*v - q*v. Let r = 49 + v. What are the prime factors of r?
109
Let s(c) = 2*c**2 + 2*c. Let w be s(-2). Let t be w/(2*-4)*-126. Let z = -23 + t. List the prime factors of z.
2, 5
Suppose 54 = 9*o + 9. Suppose o*i - 2855 = -720. List the prime factors of i.
7, 61
Suppose 9*f - 4*f - 4601 = -j, -3*f + 2751 = 3*j. Let l = f + 435. What are the prime factors of l?
2, 3, 113
Let x = -161 - -159. List the prime factors of (14 - 10) + (563 - x/2).
2, 71
Let b(j) = 10*j**3 + 8*j - 2. Let w be b(4). Let s = w + -378. What are the prime factors of s?
2, 73
Let z = 5650 + -2011. What are the prime factors of z?
3, 1213
Let s(d) = d**2 + d. Let q(z) = -160*z**3 + 3*z**2 + 3*z. Let g(t) = q(t) - 4*s(t). Let y = 5949 - 5950. What are the prime factors of g(y)?
2, 5
Let f be (-2)/((42/(-45))/(-7)). Let y be -4 + (-10)/f*36. Suppose 2*t + z = 48 + y, -5*t + z = -177. What are the prime factors of t?
5, 7
Let n(h) = 5*h + 17. Let m(k) = -10*k - 34. Let b(y) = -2*m(y) - 5*n(y). Let d be (9 + -7)*10/(-4). List the prime factors of b(d).
2
Let w be (-17)/102 - (-7676)/(-24). Let s = 783 - w. What are the prime factors of s?
1103
Let o = 558 + 1710. What are the prime factors of o?
2, 3, 7
List the prime factors of 1335/10*750/45.
5, 89
Let u be 38420/12 - 4/6. Suppose 3*a - 1911 = 3*s, -u = -5*a - s - 2*s. What are the prime factors of a?
3, 71
Suppose 2*v - 38091 - 3845 = -2*k, 6*v - 125776 = 2*k. What are the prime factors of v?
2, 3, 1747
Suppose -l = 3*q - 24317, -3*l + 72896 = -117*q + 115*q. List the prime factors of l.
2, 29, 419
List the prime factors of (-2 + -9*(-10)/(-120))/(1/(-19548)).
3, 11, 181
Let a(y) = 8*y - 37. Let f be a(5). Suppose -5417 + 640 = -f*s - 2*u, u + 1594 = s. List the prime factors of (s/(-36))/(3/(-8)).
2, 59
Let i(h) = -h**3 + 4*h + 8. Let s be i(3). List the prime factors of (3/6)/(s*(-7)/39396).
2, 3, 67
Let h = 20768 + -10302. What are the prime factors of -5 + (-46)/(-9) - h/(-9)?
1163
Let a(w) = -117*w**3 - 17*w - 87. What are the prime factors of a(-5)?
7, 2089
Let q(k) = -k**3 - 3*k**2 + 13*k - 9. Let s be q(-6). Let v = 435 - s. Suppose -v = -3*z + 294. List the prime factors of z.
2, 59
What are the prime factors of 26409 + 2 + (44 - 32)*(-5)/(-12)?
2, 13, 127
Suppose 3*p - 1 - 2 = -3*m, -3*m + 8 = 2*p. Let i be (m/12)/((-1)/(-1082)). Suppose 4*g + d = 715, 0 = 2*g + 3*d + 176 - i. List the prime factors of g.
2, 89
Let z(r) be the second d